{"id":7,"date":"2023-05-06T19:27:18","date_gmt":"2023-05-06T19:27:18","guid":{"rendered":"https:\/\/sinopkonteyner.com\/?page_id=7"},"modified":"2023-05-13T13:43:05","modified_gmt":"2023-05-13T13:43:05","slug":"ana-sayfa","status":"publish","type":"page","link":"https:\/\/sinopkonteyner.com\/","title":{"rendered":"Ana sayfa"},"content":{"rendered":"\n<p>&nbsp;Boyabat merkezli olan firmam\u0131z&nbsp;<strong>Sinop, Boyabat, Gerze, Sarayd\u00fcz\u00fc, Dura\u011fan, Han\u00f6n\u00fc, Ta\u015fk\u00f6pr\u00fc&nbsp;<\/strong>gibi \u00e7evre illerede hizmet veren sekt\u00f6r\u00fcn en k\u00f6kl\u00fc firmalar\u0131ndan biridir.<\/p>\n\n\n\n<p>M\u00fc\u015fteri memnuniyeti esas\u0131yla faaliyet g\u00f6steren firmam\u0131z rakipsiz \u00e7\u00f6z\u00fcm \u00f6nerileri ve uygun fiyat garantisi ile siz de\u011ferli m\u00fc\u015fterilerimizin her zaman yan\u0131nda.<\/p>\n\n\n\n<p>D\u00fcr\u00fcst ve g\u00fcvenilir hizmet vermek bizim i\u00e7in \u00f6nemlidir.&nbsp;<\/p>\n","protected":false},"excerpt":{"rendered":"<p>&nbsp;Boyabat merkezli olan firmam\u0131z&nbsp;Sinop, Boyabat, Gerze, Sarayd\u00fcz\u00fc, Dura\u011fan, Han\u00f6n\u00fc, Ta\u015fk\u00f6pr\u00fc&nbsp;gibi \u00e7evre illerede hizmet veren sekt\u00f6r\u00fcn en k\u00f6kl\u00fc firmalar\u0131ndan biridir. M\u00fc\u015fteri memnuniyeti esas\u0131yla faaliyet g\u00f6steren firmam\u0131z rakipsiz \u00e7\u00f6z\u00fcm \u00f6nerileri ve uygun fiyat garantisi ile siz de\u011ferli m\u00fc\u015fterilerimizin her zaman yan\u0131nda. D\u00fcr\u00fcst ve g\u00fcvenilir hizmet vermek bizim i\u00e7in \u00f6nemlidir.&nbsp;<\/p>\n","protected":false},"author":1,"featured_media":0,"parent":0,"menu_order":0,"comment_status":"closed","ping_status":"closed","template":"","meta":{"footnotes":""},"class_list":["post-7","page","type-page","status-publish","hentry"],"yoast_head":"<!-- This site is optimized with the Yoast SEO plugin v22.0 - https:\/\/yoast.com\/wordpress\/plugins\/seo\/ -->\n<title>Ana sayfa - S\u0130NOP KONTEYNER<\/title>\n<meta name=\"description\" content=\"Sinop, Boyabat, Gerze, Sarayd\u00fcz\u00fc, Dura\u011fan, Han\u00f6n\u00fc, Ta\u015fk\u00f6pr\u00fc\u00a0\u00e7evre illere konteyner, ikinci el konteyner, sat\u0131l\u0131k konteyner hizmetimiz vard\u0131r.\" \/>\n<meta name=\"robots\" content=\"index, follow, max-snippet:-1, max-image-preview:large, max-video-preview:-1\" \/>\n<link rel=\"canonical\" href=\"https:\/\/sinopkonteyner.com\/\" \/>\n<meta property=\"og:locale\" content=\"tr_TR\" \/>\n<meta property=\"og:type\" content=\"article\" \/>\n<meta property=\"og:title\" content=\"Ana sayfa - S\u0130NOP KONTEYNER\" \/>\n<meta property=\"og:description\" content=\"Sinop, Boyabat, Gerze, Sarayd\u00fcz\u00fc, Dura\u011fan, Han\u00f6n\u00fc, Ta\u015fk\u00f6pr\u00fc\u00a0\u00e7evre illere konteyner, ikinci el konteyner, sat\u0131l\u0131k konteyner hizmetimiz vard\u0131r.\" \/>\n<meta property=\"og:url\" content=\"https:\/\/sinopkonteyner.com\/\" \/>\n<meta property=\"og:site_name\" content=\"S\u0130NOP KONTEYNER\" \/>\n<meta property=\"article:modified_time\" content=\"2023-05-13T13:43:05+00:00\" \/>\n<meta name=\"twitter:card\" content=\"summary_large_image\" \/>\n<meta name=\"twitter:label1\" content=\"Tahmini okuma s\u00fcresi\" \/>\n\t<meta name=\"twitter:data1\" content=\"1 dakika\" \/>\n<script type=\"application\/ld+json\" class=\"yoast-schema-graph\">{\"@context\":\"https:\/\/schema.org\",\"@graph\":[{\"@type\":\"WebPage\",\"@id\":\"https:\/\/sinopkonteyner.com\/\",\"url\":\"https:\/\/sinopkonteyner.com\/\",\"name\":\"Ana sayfa - S\u0130NOP KONTEYNER\",\"isPartOf\":{\"@id\":\"https:\/\/sinopkonteyner.com\/#website\"},\"datePublished\":\"2023-05-06T19:27:18+00:00\",\"dateModified\":\"2023-05-13T13:43:05+00:00\",\"description\":\"Sinop, Boyabat, Gerze, Sarayd\u00fcz\u00fc, Dura\u011fan, Han\u00f6n\u00fc, Ta\u015fk\u00f6pr\u00fc\u00a0\u00e7evre illere konteyner, ikinci el konteyner, sat\u0131l\u0131k konteyner hizmetimiz vard\u0131r.\",\"breadcrumb\":{\"@id\":\"https:\/\/sinopkonteyner.com\/#breadcrumb\"},\"inLanguage\":\"tr\",\"potentialAction\":[{\"@type\":\"ReadAction\",\"target\":[\"https:\/\/sinopkonteyner.com\/\"]}]},{\"@type\":\"BreadcrumbList\",\"@id\":\"https:\/\/sinopkonteyner.com\/#breadcrumb\",\"itemListElement\":[{\"@type\":\"ListItem\",\"position\":1,\"name\":\"Anasayfa\",\"item\":\"https:\/\/sinopkonteyner.com\/\"},{\"@type\":\"ListItem\",\"position\":2,\"name\":\"Ana sayfa\"}]},{\"@type\":\"WebSite\",\"@id\":\"https:\/\/sinopkonteyner.com\/#website\",\"url\":\"https:\/\/sinopkonteyner.com\/\",\"name\":\"S\u0130NOP KONTEYNER\",\"description\":\"Konteyner da kalite bizden sorulur.\",\"potentialAction\":[{\"@type\":\"SearchAction\",\"target\":{\"@type\":\"EntryPoint\",\"urlTemplate\":\"https:\/\/sinopkonteyner.com\/?s={search_term_string}\"},\"query-input\":\"required name=search_term_string\"}],\"inLanguage\":\"tr\"}]}<\/script>\n<!-- \/ Yoast SEO plugin. -->","yoast_head_json":{"title":"Ana sayfa - S\u0130NOP KONTEYNER","description":"Sinop, Boyabat, Gerze, Sarayd\u00fcz\u00fc, Dura\u011fan, Han\u00f6n\u00fc, Ta\u015fk\u00f6pr\u00fc\u00a0\u00e7evre illere konteyner, ikinci el konteyner, sat\u0131l\u0131k konteyner hizmetimiz vard\u0131r.","robots":{"index":"index","follow":"follow","max-snippet":"max-snippet:-1","max-image-preview":"max-image-preview:large","max-video-preview":"max-video-preview:-1"},"canonical":"https:\/\/sinopkonteyner.com\/","og_locale":"tr_TR","og_type":"article","og_title":"Ana sayfa - S\u0130NOP KONTEYNER","og_description":"Sinop, Boyabat, Gerze, Sarayd\u00fcz\u00fc, Dura\u011fan, Han\u00f6n\u00fc, Ta\u015fk\u00f6pr\u00fc\u00a0\u00e7evre illere konteyner, ikinci el konteyner, sat\u0131l\u0131k konteyner hizmetimiz vard\u0131r.","og_url":"https:\/\/sinopkonteyner.com\/","og_site_name":"S\u0130NOP KONTEYNER","article_modified_time":"2023-05-13T13:43:05+00:00","twitter_card":"summary_large_image","twitter_misc":{"Tahmini okuma s\u00fcresi":"1 dakika"},"schema":{"@context":"https:\/\/schema.org","@graph":[{"@type":"WebPage","@id":"https:\/\/sinopkonteyner.com\/","url":"https:\/\/sinopkonteyner.com\/","name":"Ana sayfa - S\u0130NOP KONTEYNER","isPartOf":{"@id":"https:\/\/sinopkonteyner.com\/#website"},"datePublished":"2023-05-06T19:27:18+00:00","dateModified":"2023-05-13T13:43:05+00:00","description":"Sinop, Boyabat, Gerze, Sarayd\u00fcz\u00fc, Dura\u011fan, Han\u00f6n\u00fc, Ta\u015fk\u00f6pr\u00fc\u00a0\u00e7evre illere konteyner, ikinci el konteyner, sat\u0131l\u0131k konteyner hizmetimiz vard\u0131r.","breadcrumb":{"@id":"https:\/\/sinopkonteyner.com\/#breadcrumb"},"inLanguage":"tr","potentialAction":[{"@type":"ReadAction","target":["https:\/\/sinopkonteyner.com\/"]}]},{"@type":"BreadcrumbList","@id":"https:\/\/sinopkonteyner.com\/#breadcrumb","itemListElement":[{"@type":"ListItem","position":1,"name":"Anasayfa","item":"https:\/\/sinopkonteyner.com\/"},{"@type":"ListItem","position":2,"name":"Ana sayfa"}]},{"@type":"WebSite","@id":"https:\/\/sinopkonteyner.com\/#website","url":"https:\/\/sinopkonteyner.com\/","name":"S\u0130NOP KONTEYNER","description":"Konteyner da kalite bizden sorulur.","potentialAction":[{"@type":"SearchAction","target":{"@type":"EntryPoint","urlTemplate":"https:\/\/sinopkonteyner.com\/?s={search_term_string}"},"query-input":"required name=search_term_string"}],"inLanguage":"tr"}]}},"_links":{"self":[{"href":"https:\/\/sinopkonteyner.com\/index.php?rest_route=\/wp\/v2\/pages\/7","targetHints":{"allow":["GET"]}}],"collection":[{"href":"https:\/\/sinopkonteyner.com\/index.php?rest_route=\/wp\/v2\/pages"}],"about":[{"href":"https:\/\/sinopkonteyner.com\/index.php?rest_route=\/wp\/v2\/types\/page"}],"author":[{"embeddable":true,"href":"https:\/\/sinopkonteyner.com\/index.php?rest_route=\/wp\/v2\/users\/1"}],"replies":[{"embeddable":true,"href":"https:\/\/sinopkonteyner.com\/index.php?rest_route=%2Fwp%2Fv2%2Fcomments&post=7"}],"version-history":[{"count":3,"href":"https:\/\/sinopkonteyner.com\/index.php?rest_route=\/wp\/v2\/pages\/7\/revisions"}],"predecessor-version":[{"id":57,"href":"https:\/\/sinopkonteyner.com\/index.php?rest_route=\/wp\/v2\/pages\/7\/revisions\/57"}],"wp:attachment":[{"href":"https:\/\/sinopkonteyner.com\/index.php?rest_route=%2Fwp%2Fv2%2Fmedia&parent=7"}],"curies":[{"name":"wp","href":"https:\/\/api.w.org\/{rel}","templated":true}]}}